301 = -i. What is the hundreds digit of k?
1
Let p(d) = d**2 - 10*d**2 + 5*d**2 - 29 - 16*d + 7*d**2. What is the hundreds digit of p(-7)?
2
Let x = 697 - -1015. Suppose 4*z - 2*z = 6, 0 = 4*g + 4*z - x. What is the tens digit of g?
2
Suppose -381*l + 462524 = -361*l + 173684. What is the thousands digit of l?
4
Let m be 2/(-11) - 9/(297/(-32313)). Suppose -2*h = -607 - m. What is the units digit of h?
3
Suppose 59*p - 49*p - 64740 = 0. What is the thousands digit of p?
6
Suppose -131 = -2*i + 3. Let z(t) = -22 + 3*t + i - 3*t + 3*t. What is the units digit of z(-8)?
1
Suppose -q = -3*v + 4*v + 1, -3 = -3*q - v. Suppose 0 = p - 2*p - 2*p. Suppose 4*t + 65 = 6*t + 3*u, -2*u - q = p. What is the units digit of t?
4
Suppose 8 = -4*k, 4*w = -5*k - 145 - 917. Let q be (-11)/(-66) + 349/(-6). Let a = q - w. What is the tens digit of a?
0
Suppose 0 = a - 21 - 349. Suppose -3*p - 2*q = -a, q = -3*p - p + 485. What is the tens digit of p?
2
Let x(h) = 9*h + 30. Let c be x(-3). Let g be 0 - 4 - (-1 + 2 + c). What is the hundreds digit of (404/g)/((-1)/(-2) + -1)?
1
Let k = -260 - -266. Suppose 0 = -4*u + 4*t + 1360, -1700 = u - k*u - t. What is the tens digit of u?
4
Let f(r) = 16 - 35*r + 49*r - 25*r**2 - r**3 + 28. What is the tens digit of f(-26)?
5
Let d = 235 + -139. Let z = d + -97. Let h(c) = -255*c + 1. What is the tens digit of h(z)?
5
Suppose -5*t = 4*h - 60, 5*t + 4*h - h = 55. Let k = t + -3. Suppose 8*r - 267 = k*r. What is the tens digit of r?
8
Let s = -48 + 49. Let i be (s - (-20)/(-8))/(9/(-330)). Suppose -5*q = -a - i, 14 = -2*a + 4. What is the units digit of q?
0
Let y = 3056 - -178. What is the hundreds digit of y?
2
Suppose -3*v - 139 - 65 = 0. Let g = 71 + v. Suppose -2*s + b = -104, 3*s - 153 = g*b - 0*b. What is the tens digit of s?
5
Suppose 2*o = w + 6*o - 20, 0 = 3*w - 2*o + 10. Let i(f) = -2*f**2 - 5*f + 153. Let y be i(-10). Suppose w = -y*g + 527 + 214. What is the tens digit of g?
4
Let x(i) be the third derivative of i**4/2 - 41*i**3/3 - i**2 + 39. What is the tens digit of x(15)?
9
Let g = -6756 - -24025. What is the hundreds digit of g?
2
Let h(r) = 6*r - r - 6 + 4*r - r**2 + 2*r**2. Let d be h(-10). Suppose 3*t + d - 13 = 0, -3*v + t + 342 = 0. What is the hundreds digit of v?
1
Let k = -120149 - -177687. What is the hundreds digit of k?
5
Suppose -m = 5 - 2, -3*n - 2*m + 1653 = 0. Let b = n - 243. Let j = -174 + b. What is the hundreds digit of j?
1
Let f(q) = 1208*q**2 - 25*q + 221. What is the ten thousands digit of f(6)?
4
Suppose z = 4*a + 90, -4*a + 16 = 2*z - 104. Suppose 0*f - 4*f - 32 = -4*y, -3*y - 4*f + 52 = 0. Suppose z*g = 66*g + y. What is the units digit of g?
3
Let d = -7644 + 13888. What is the hundreds digit of d?
2
Suppose 0 = -4*t - k + 9, -2*t = -32*k + 30*k - 2. Suppose -2 + 0 = t*g, 3*g = -5*r + 5477. What is the thousands digit of r?
1
Let s(c) = -5*c**3 + 12*c + 20 + 4*c**3 + 2*c - 6*c**2 - 2. What is the units digit of s(-8)?
4
Let h = -753 - -758. Suppose 3*z + 2860 = 2*f + h*z, -5*f + 3*z = -7126. What is the units digit of f?
7
Let g = -1197 + 681. Let p = 942 + g. Suppose -9*m + p = -3*m. What is the units digit of m?
1
Let b be 1/(-2)*2*0. Suppose b*v - 3*v + 18 = f, -3*v = -f - 12. Suppose j = g - 54, 0 = -v*g - 4*j + 48 + 258. What is the tens digit of g?
5
Let s be 36/15 - (-1)/(5/(-2)). Suppose 5*q - 3*y = 33, -s*q - 4*y = -7*q + 34. Suppose -538 = -q*b + 1070. What is the tens digit of b?
6
Let q(w) = -32*w + 570. What is the tens digit of q(-36)?
2
Let d(b) = 105*b**2 - b - 2. Suppose 5*w = -20 + 80. Let z = 11 - w. What is the units digit of d(z)?
4
What is the tens digit of 13 + -4 + 22040 - 3?
4
Let x = -59 + 59. Suppose -2*l + 352 - 122 = x. What is the tens digit of l?
1
Suppose 34 + 2 = 9*t. Suppose 68 = -5*d + 3*g - 30, -t*d = -5*g + 68. Let r = 77 - d. What is the tens digit of r?
9
Suppose 38*m - 77*m - 116*m = -186310. What is the thousands digit of m?
1
Suppose -2*a - x = -1405, -a + 0*x + 690 = -2*x. Suppose -8*v + a = -v. What is the hundreds digit of v?
1
Let y = -60 - -73. Suppose 7*g = y*g - 30. Suppose -t + g*t - 456 = 0. What is the units digit of t?
4
Let c = 1816 + -710. What is the tens digit of c?
0
Let s(m) be the first derivative of 5*m**2/2 + 12*m + 2. Let n(q) = -q**3 - 10*q**2 - 18*q - 6. Let t be n(-8). What is the tens digit of s(t)?
6
Suppose 0*g = 5*g - 15, 3*s + 2*g = 36. Suppose 39 - 44 = 5*f. What is the units digit of ((-115)/s)/(f/6)?
9
Let c(o) = -o**3 + 10*o**2 - 15*o + 22. Let j be c(7). Let h = j - -21. What is the units digit of h?
5
Suppose 54982 = -23*t + 216649. What is the thousands digit of t?
7
Let j(w) = 6*w**3 + 2*w**2 - 7*w - 5. Let f be j(5). Suppose -y + 18 = -14. Suppose 6*k - y - f = 0. What is the hundreds digit of k?
1
Let k = -196 - -361. Suppose 81 = 3*m - 3*q, -k = -5*m + q - 2*q. Let x = 39 + m. What is the tens digit of x?
7
Let o(q) = -25*q - 43. Let y(s) be the first derivative of 9*s**2/2 + s - 3. Let r be y(-1). What is the units digit of o(r)?
7
Let k(t) = -t**3 + t**2 - 3*t + 7. Let p be k(5). Let y be (-43 - 1)/(4 - 3). Let c = y - p. What is the tens digit of c?
6
Suppose -416564 = -171*f + 387991. What is the hundreds digit of f?
7
Suppose 4*y + 13*y = 4097. Suppose -2*b - 4*a + 574 = 0, b - y = 3*a + 56. What is the units digit of b?
1
Suppose 2806*s - 2795*s = 21671 + 38367. What is the hundreds digit of s?
4
Suppose 0 = 4*i + 5*n - 2061, -2052 = -5*i + i + 4*n. Let j = i + -358. What is the tens digit of j?
5
Let x be (-4)/(-18) - (190/45 - 4). Suppose -4*u + 3 + 25 = x. Let o(b) = b**3 - 4*b**2 - 6*b - 17. What is the units digit of o(u)?
8
Let y = 198 + -61. Let d = 146 - y. Suppose 272 = -d*z + 812. What is the units digit of z?
0
Let a(r) = r**2 - 13*r + 547. What is the hundreds digit of a(19)?
6
Let a = -24 + 35. Let w(u) = u**2 - 12*u + 20. Let q be w(a). Suppose -q*d + 294 = 87. What is the tens digit of d?
2
Let a(q) be the third derivative of q**5/60 - q**4/24 - 19*q**3/2 + 109*q**2. What is the tens digit of a(10)?
3
Let w(m) = -38*m**3 - 30*m**2 + m + 2. What is the hundreds digit of w(-3)?
7
Let u(o) = -2*o**3 + 138*o**2 - 6*o - 207. What is the hundreds digit of u(68)?
6
Suppose -i - 4*i + 73 = -4*c, c - 50 = -4*i. Suppose 0 = -i*w - 21 - 18. What is the hundreds digit of (102/w)/((-4)/14)?
1
Suppose 4*v - 2*v = -60. Let p = v - -36. Suppose -p*k = -7*k + 6. What is the units digit of k?
6
Let l be (3/(-1))/(18/24) - -647. Let f = -583 + l. What is the units digit of f?
0
Let t be 102/(-7)*770/(-22). Suppose 4*r + 4*s - 2096 = 0, -4*r - s + t = -1598. What is the hundreds digit of r?
5
Suppose 3 = -b, 5*l - 67 = 15*b - 11*b. Let y(f) = 9*f - 73. What is the units digit of y(l)?
6
Let v(w) = 400*w + 294. What is the thousands digit of v(23)?
9
Let a(n) = 444*n - 2439. What is the tens digit of a(35)?
0
Let b be (-2 - -3)*(1 + -1). Let y(i) = 463*i**2 - 7*i. Let n be y(2). Suppose 16*t - n - 482 = b. What is the units digit of t?
5
Suppose 4*i - 133 = -o, 4*o - 103 = -3*i - 0*o. Suppose -2490 = i*h - 39*h. What is the hundreds digit of h?
4
Let v = 558 - 1086. What is the hundreds digit of (v/(-440))/((-3)/(-1400))?
5
Let l = -551 + 551. Suppose l*q - 16*q + 25312 = 0. What is the hundreds digit of q?
5
Let s(z) = -24*z - 175. Let n(q) = -73*q - 608. Let k(c) = -2*n(c) + 7*s(c). Let i be (13/(0 + -1))/1. What is the tens digit of k(i)?
7
Let s(q) = q**2 + 9*q + 26. Let u be s(-5). Suppose 0 = u*w - 5711 + 1619. What is the tens digit of w?
8
Let n = 36300 - 5652. What is the hundreds digit of n?
6
Let s(u) = -9*u - 72. Let d be s(-8). Suppose 4*v + d*v + 1664 = 3*t, 3*t - 5*v - 1660 = 0. What is the tens digit of t?
6
Suppose 74*u + 103*u - 3086349 = 0. What is the units digit of u?
7
Let r be (-4 - -5)*(3/1 - -4). Let x(m) = 10*m**2 - 6*m + 52. What is the hundreds digit of x(r)?
5
Suppose -2*t - 26*f = -27*f - 50763, -5*f = -t + 25386. What is the hundreds digit of t?
3
Suppose -24 = -7*t + 32. Suppose -t*f - 40 = -9*f. Let p = f + 55. What is the tens digit of p?
9
Let i(g) = 11 - 123*g**2 + 129*g**2 - g - 9. What is the tens digit of i(-4)?
0
What is the units digit of 95*22*(-1 + (-6)/(-4))*1?
5
What is the thousands digit of 6722464/364 + (-20)/65?
8
Let s = -40974 + 94076. What is the t